41 (base 6) in base 12?
347781
859db3 (base 16) to base 10
8756659
Convert -300053000 (base 6) to base 7.
-60614205
What is 213302111 (base 6) in base 12?
1334937
-2530a1 (base 11) to base 9
-667800
Convert 100100111001100011 (base 2) to base 14.
3d119
Convert b57a9 (base 12) to base 6.
5033133
Convert 29a5c1 (base 15) to base 3.
10210002102101
1652b5 (base 15) to base 11
678982
57845 (base 12) to base 14
308bb
-14e04b (base 15) to base 7
-11402156
436105 (base 7) to base 6
1350211
-15464120 (base 7) to base 5
-340313412
-3541c (base 14) to base 10
-129778
-112243443 (base 7) to base 15
-909ee6
4a8784 (base 14) to base 7
30515224
10111001000101000000 (base 2) to base 10
758080
142450233 (base 6) to base 15
3cd3b9
Convert 78981 (base 16) to base 4.
1320212001
What is 2a6318 (base 11) in base 13?
1390a1
What is -67604662 (base 8) in base 4?
-313300212302
2317531 (base 8) to base 11
3a0879
What is 2bb07 (base 13) in base 15?
1998a
-11000100111110101101 (base 2) to base 14
-170069
What is -24303212 (base 6) in base 3?
-1110010222222
-101011202220 (base 3) to base 6
-4143210
Convert 178597e (base 15) to base 11.
9740252
Convert -564203 (base 9) to base 7.
-2604345
Convert 3115513 (base 6) to base 5.
14302214
Convert b356a (base 13) to base 6.
10521155
Convert 31203330031 (base 4) to base 6.
204110421
Convert -146125245 (base 7) to base 13.
-204940b
Convert -190a2 (base 11) to base 5.
-1323412
-11b17 (base 16) to base 4
-101230113
Convert cd55ca (base 14) to base 9.
14100475
-1011011001101000 (base 2) to base 8
-133150
What is -ed5fd (base 16) in base 11?
-604546
160959 (base 10) to base 14
42931
Convert -100110111111001110 (base 2) to base 10.
-159694
c5938b (base 15) to base 4
203312021012
What is -15253676 (base 8) in base 15?
-490c30
Convert -353654 (base 7) to base 6.
-1211152
What is -1120333 (base 5) in base 14?
-7473
Convert -3217172 (base 8) to base 7.
-10210422
Convert -4032002 (base 6) to base 4.
-232213202
What is -122012001220 (base 3) in base 8?
-1224603
Convert 39361 (base 13) to base 8.
317072
Convert -515242330 (base 6) to base 9.
-17724180
What is -1015233 (base 6) in base 4?
-23333211
What is -360788 (base 10) in base 15?
-71d78
Convert -1101112100201 (base 3) to base 14.
-153311
Convert -551051 (base 6) to base 12.
-22487
What is -131132 (base 5) in base 6?
-35531
Convert -3115c (base 13) to base 14.
-2418a
What is -220221102201102 (base 3) in base 9?
-26842642
Convert -210011002201220 (base 3) to base 15.
-ec09e3
What is 101222100200011 (base 3) in base 16?
590203
Convert -10102120221002 (base 3) to base 15.
-25eeb8
7061ed (base 16) to base 10
7365101
Convert 423dee (base 15) to base 14.
5c09a8
62b28e (base 15) to base 3
22211112121122
What is -252473 (base 13) in base 10?
-890555
What is -118272 (base 10) in base 14?
-31160
Convert -1101011100101110 (base 2) to base 6.
-1103010
Convert -460001 (base 12) to base 11.
-6a5310
Convert -80b60a (base 12) to base 6.
-111032014
Convert -1011010100212222 (base 3) to base 10.
-16540928
What is -18b31 (base 16) in base 4?
-120230301
-240414103 (base 5) to base 10
-1107403
What is 212222000 (base 3) in base 6?
212513
What is -3562757 (base 8) in base 15?
-144462
-526064 (base 8) to base 4
-222300310
-410425320 (base 6) to base 3
-111020022212110
What is -1103330310 (base 5) in base 11?
-13a0696
553208 (base 9) to base 16
50aa7
Convert -5444556 (base 8) to base 16.
-16496e
What is -4056362 (base 10) in base 13?
-ac041b
What is -5c0c4 (base 13) in base 3?
-22121021110
11101110111000101101 (base 2) to base 15
144dbc
1122231223 (base 4) to base 14
995a3
Convert -33102 (base 7) to base 11.
-6250
What is 12331204 (base 5) in base 6?
2331140
1001011010000 (base 2) to base 11
3689
Convert 1a70 (base 11) to base 6.
20042
What is -2562174 (base 8) in base 2?
-10101110010001111100
Convert -12201002210001 (base 3) to base 11.
-1791992
What is -2414410 (base 5) in base 13?
-17620
Convert 16514015 (base 7) to base 8.
6126551
743644 (base 8) to base 10
247716
-1915009 (base 10) to base 15
-27c624
Convert -102439 (base 11) to base 2.
-101000000110001111
What is -1330231320 (base 4) in base 3?
-221221202000
Convert b5e353 (base 15) to base 4.
201000312231
Convert 2148629 (base 10) to base 9.
4034325
102001122021200 (base 3) to base 7
100651263
Convert 110202221 (base 4) to base 15.
19de2
-6363a55 (base 12) to base 7
-315512363
Convert -134353050 (base 6) to base 7.
-32155143
What is -3340015 (base 7) in base 6?
-12503544
What is 11035042 (base 7) in base 10?
950140
What is 7134568 (base 10) in base 7?
114433330
Convert -121101202100 (base 3) to base 4.
-1032303033
What is -65167 (base 8) in base 9?
-41343
-8c3081 (base 14) to base 10
-4771929
What is -1436073 (base 9) in base 2?
-11000001010011010000
24021004 (base 5) to base 16
35be1
What is 3021131233 (base 4) in base 13?
22b7ab
1121212120002 (base 3) to base 4
3102310313
What is 180802 (base 9) in base 6?
2223215
Convert -117375 (base 8) to base 10.
-40701
What is 374356 (base 11) in base 14?
115740
Convert 1235a1 (base 13) to base 12.
19037a
What is 120320433 (base 5) in base 15?
b0348
What is -2534564 (base 11) in base 12?
-158138b
Convert 2423882 (base 10) to base 9.
4503842
Convert 1008c1 (base 13) to base 5.
43412202
What is 34ba22 (base 15) in base 12?
a16428
Convert -5bb8ba (base 12) to base 7.
-15454324
What is 1001011302 (base 4) in base 3?
111112201110
230310212 (base 5) to base 16
fa692
What is -11110110100101100 (base 2) in base 12?
-61090
-6402536 (base 7) to base 9
-1408748
What is 4182737 (base 9) in base 3?
11012202211021
What is -2120648 (base 10) in base 12?
-863288
What is -9ee8f7 (base 16) in base 14?
-1551447
200312013 (base 4) to base 16
20d87
-41136 (base 12) to base 11
-58834
275907 (base 11) to base 13
121a2c
What is -3653415 (base 7) in base 6?
-14002103
Convert -120426 (base 7) to base 9.
-32840
Convert 135333 (base 14) to base 4.
2202330201
-641502 (base 7) to base 8
-330674
What is -b1c55 (base 13) in base 8?
-1156002
What is -8b896a (base 13) in base 7?
-40036531
Convert -214226 (base 10) to base 12.
-a3b82
Convert -1011202102112 (base 3) to base 14.
-123b16
118306 (base 9) to base 7
416004
What is 1755b (base 14) in base 11?
40100
-2142102402 (base 5) to base 16
-46dd06
Convert 116f6 (base 16) to base 15.
1625e
970954 (base 11) to base 10
1553094
What is 1ca51 (base 15) in base 3?
11202012011
-62324 (base 8) to base 15
-79ac
What is -3881c2 (base 13) in base 11?
-849a9a
What is 30312102 (base 4) in base 10?
52626
-112200100102 (base 3) to base 7
-2312246
-48a72 (base 11) to base 5
-4224001
Convert 4570063 (base 9) to base 10.
2466993
-1a05450 (base 11) to base 2
-1100111011011101010001
Convert -3dbe0 (base 15) to base 3.
-101002012110
877b1 (base 14) to base 2
1010000000101111111
What is 11403030 (base 5) in base 10?
106640
What is 156432 (base 9) in base 7?
551402
What is -21300121323 (base 4) in base 15?
-357be3
Convert -2fa40 (base 16) to base 11.
-123677
What is -1101122202202 (base 3) in base 14?
-1541a8
What is -144424353 (base 6) in base 10?
-3020685
Convert -34335525 (base 7) to base 5.
-1232011303
What is 325554120 (base 6) in base 4?
112123020000
-3235503 (base 8) to base 16
-d3b43
What is -11538 (base 13) in base 7?
-161163
What is -88928 (base 13) in base 14?
-66351
What is -8a3a94 (base 11) in base 12?
-5954a4
8b3782 (base 16) to base 13
1b75a62
Convert 222102100000 (base 3) to base 7.
4264044
Convert 161595 (base 12) to base 2.
1011011110000000001
-1ea6bd (base 15) to base 8
-5570253
Convert -13221333013 (base 4) to base 8.
-7517707
What is 13311113303 (base 4) in base 6?
112003255
What is -2db24d (base 15) in base 14?
-419083
Convert -35c86a (base 14) to base 12.
-748a92
What is 1000100110101001001111 (base 2) in base 8?
10465117
What is 20210012020 (base 3) in base 7?
1064232
-1168a7 (base 12) to base 4
-1010221333
Convert -2003265 (base 8) to base 10.
-526005
55601422 (base 7) to base 10
4807357
-103215015 (base 6) to base 5
-432300043
33676375 (base 8) to base 9
14665555
-342960 (base 13) to base 14
-241a72
44221031 (base 8) to base 10
9511449
Convert -1405773 (base 8) to base 7.
-3240226
What is -12112022012 (base 3) in base 13?
-3a706
What is -120112110022 (base 3) in base 8?
-1125167
111111110100 